*v(o). Suppose 0 = -4*r - m + 5 + 4, m - 3 = 2*r. Give f(r).
-7
Let m(k) = 3*k - 5. Let g be 2/(-17) + (-280)/(-68). Calculate m(g).
7
Let c(x) = 2 - 3 - 3*x + 0 - 1. Give c(2).
-8
Let j(a) = -a**2 + 7*a + 3. Let d(t) = 7*t**3 + 2*t**2 - t. Let r = 3 + -2. Let p be d(r). Let i be j(p). Let o(c) = -c**3 - 5*c**2 + c + 4. What is o(i)?
-1
Let m(x) = -x**3 - 5*x**2 - 2*x - 4. Suppose 0 = 4*n - 0*n. Suppose -3*g - 17 + 2 = n. Determine m(g).
6
Let f(w) = -w**2 - w - 1. Let k(u) = -5*u**2 - 12*u + 3. Let q(z) = 6*f(z) - k(z). Calculate q(7).
-16
Let v = 14 + -10. Let g(c) = -5*c**2 + 3*c**2 - 4*c - 2 + 0*c**2 + 3*c**2. Determine g(v).
-2
Let m(x) = x - 1. Let f(y) = 3*y - 3. Let h(n) = -6*f(n) + 21*m(n). Let c = -5 + 10. Suppose -4*d + 5*q + 8 - 20 = 0, c*q - 24 = -2*d. Calculate h(d).
3
Let l(o) = -o**3 + o**2 + 2*o + 1. Suppose -8 = -2*g + 28. Let u be (-8)/(-3) + (-12)/g. Calculate l(u).
1
Let x(o) be the second derivative of -3/2*o**2 + o + 0 - 1/6*o**4 + 1/2*o**3. Let y(d) be the first derivative of x(d). Determine y(2).
-5
Let t(d) = 2*d. Suppose 0 = -3*j + 3*i + 3, 3*i + 8 = -5*j + 37. Suppose 5*a + j = 9. Calculate t(a).
2
Let y(z) = -z**3 - 4*z**2 + 4*z - 2. Let p = -101 - -96. Determine y(p).
3
Let s(g) = -g**3 + g**2 - g. Let l(r) = 4*r**3 - 5*r**2 + 3*r - 3. Let c(k) = -l(k) - 3*s(k). What is c(3)?
-6
Let w(v) = 2*v - 1. Let j(u) = -u**2 - 8*u + 4. Let a(m) = 2*j(m) + 9*w(m). Give a(2).
-5
Let l(t) = -t + 4. Let b(c) = -c**3 + 7*c**2 - 8*c + 12. Let k be b(6). Calculate l(k).
4
Let f(u) = u**3 - 2*u - 14. Let o(l) = l**3 - l + 1. Let i(c) = f(c) - 2*o(c). Give i(0).
-16
Let g(n) = n**3 + 6*n**2 + 2*n - 5. Let z = 8 + -8. Let q be 3 - 5 - z - 3. Give g(q).
10
Let m(w) = w**3 - w**2 - w - 1. Let j(x) = -x**3 - 6*x**2 + 5*x + 33. Let o be j(-6). Calculate m(o).
14
Suppose 3*l + 2 = 2*d, 4*l = -d - 2*d + 20. Suppose 7*f = l*f + 5. Let r(j) = 9*j. Determine r(f).
9
Let b(m) = -m**2 - 6*m - 4. Let c be b(-5). Let w(n) = 4*n**2 + 1. Let l(o) = 4*o**2 + 1. Let v(g) = 6*l(g) - 5*w(g). Determine v(c).
5
Let h = -15 + -3. Let d be ((-2)/(-4))/((-3)/h). Let i(f) = -3*f**2 + f**3 - 2*f + 1 + f + 4*f - 2. Calculate i(d).
8
Suppose -3 = 3*n - 15. Let c = 6 + n. Let y(a) = -a**3 + 19*a**2 + c - 12*a**2 - 7*a - 2. Calculate y(6).
2
Let b = -36 + 4. Let k be (-6)/21 - b/14. Let t(h) = -h + 7*h**2 - h**2 - 2*h**k. Give t(1).
3
Let i(c) be the second derivative of c**3/3 - 3*c**2 - 3*c. What is i(5)?
4
Let y(g) = -g**3 - g**2 + 4*g + 3. Let t(a) = a**3 + 9*a**2 - 10*a. Let k be t(-10). Suppose 3*j + p + 2 = k, -2*j - 2*p - 2 = 3*j. Give y(j).
-1
Let u(w) be the first derivative of -w**4/4 + 2*w**3/3 - w**2 - 9. Determine u(2).
-4
Let g be 3 - -2 - 8/(-4). Let z = -3 + g. Let y(w) = w**3 - 2*w**2 - 6*w + 2. What is y(z)?
10
Let n(h) = -h - 1. Let l be (-2)/(-6)*3*-4. Let q(d) = -2*d + 2. Let j(v) = l*n(v) + q(v). Suppose -11 = 4*g - 0*a - 5*a, 4*a - 16 = 5*g. What is j(g)?
-2
Let s(b) = 7*b**2 - 5*b + 4. Let u(o) = 8*o**2 - 6*o + 5. Let g(q) = 6*s(q) - 5*u(q). Determine g(2).
7
Let z(s) = -5*s + 1. Suppose 2*r = -3 - 3. Let n be r/(-2) + (-9)/(-6). Suppose -n = -5*c + 2*c. What is z(c)?
-4
Let y(t) be the third derivative of t**5/30 - t**4/12 + t**3/3 + 2*t**2. Let k(x) = 2*x**2 - 3*x + 2. Let b(j) = 3*k(j) - 4*y(j). What is b(-2)?
-8
Let x(a) = 2*a + 24. Let r be x(-15). Let z(h) = 2*h + 5. What is z(r)?
-7
Let q(v) = 22*v + 14. Let y(n) = 7*n + 5. Let s(h) = 4*q(h) - 11*y(h). Calculate s(1).
12
Let p(u) = -u**3 - 5*u**2 - 2*u + 2. Suppose 5*d - 5 = 5*h, 3*h - d + 17 = -2*h. Let s be p(h). Let k(a) = -a**3 - 7*a**2 - 7*a + 1. Give k(s).
7
Let o = -3 + 3. Let r(s) = 11*s**2 - 3*s**2 + o*s**2. Suppose b + 16 = 5*b + 4*x, 4*b - x = -9. Determine r(b).
8
Let m(t) = -t**3 - 6*t**2 - 4*t + 5. Let y = 2 + 26. Suppose -5*v + 7 = -5*q - y, q + v + 3 = 0. What is m(q)?
0
Let v(i) = -i - 8. Suppose -4*h - 8*o = -9*o + 45, 3*h = -o - 32. Determine v(h).
3
Let t(g) = 1. Suppose -21*f + 2 = -23*f. Let k(a) = -a**2 - 5*a - 11. Let o(d) = f*k(d) - 5*t(d). Determine o(-5).
6
Let v(b) = b**3 - 2*b**2 - 2*b. Let c be (-2*1)/2*-1. Let t be 0 + c*5/1. Suppose t*s = s + 12. Give v(s).
3
Let c(s) be the second derivative of -s**4/12 - s. Let i be (-2)/(-2)*(7 + -6). What is c(i)?
-1
Let o(z) = -3*z + 3. Let s = -10 + 7. Determine o(s).
12
Let c(g) be the third derivative of g**4/24 + g**3/2 - g**2. Let m be (-2 - -5)*2/3. Suppose r - m*r + 3 = 0. Give c(r).
6
Let o(m) = m - 2*m + 12*m**2 + 6 + 15*m**2 - 28*m**2. What is o(0)?
6
Let d be 2/(0 - (-4)/6). Suppose 0*x + 4 = 2*x. Let m(a) = 0*a**3 - x*a**3 + 2*a**3 - 4 + a**d - 5*a**2 + 2*a. Determine m(5).
6
Let p(q) = -5*q - 1. Let y(i) = 9*i + 2. Let x(t) = 5*p(t) + 3*y(t). Let k = 5 + -7. Let f = 0 - k. What is x(f)?
5
Let a(z) be the third derivative of z**5/60 - z**4/8 - z**3/6 + 9*z**2. Calculate a(4).
3
Let h(b) = b + 1. Let o(s) = 2*s - 44. Let k be o(22). What is h(k)?
1
Let b(p) = p**3 + 2*p**2 - 3*p + 6. Let l(s) = -2*s**3 - 5*s**2 + 5*s - 12. Let k = 10 + -7. Let f(n) = k*l(n) + 5*b(n). Suppose -v = -2*v - 5. Calculate f(v).
-6
Let c = -2 + 5. Let b(j) = j + 0 - 5*j + 3 - c*j. Suppose -2*g = 3*g - 10. What is b(g)?
-11
Let d(k) = 7*k + 0 - k - 1. Let v(l) = -l**2 - 5*l - 1. Let p be v(-5). Let o = 2 + p. What is d(o)?
5
Let x(c) = 5*c**3 + c**2 + 1 - 4*c**3 + 0. Let z(r) = -r**2 - 6*r + 8. Let f be z(-7). Let i be (-4 - -6 - f)*0. Calculate x(i).
1
Let g = 75 + -68. Let x(n) = -n**2 + 11*n - 8. Determine x(g).
20
Let u be (2/(-3))/((-2)/(-3)). Let j(f) = 3*f**3 + f. Let x(p) = -1. Suppose -2*w = -0*w - 2. Let c(h) = w*j(h) - x(h). What is c(u)?
-3
Let u(x) = -x + 4 + 0 - 3. Let v(s) = -3 - 5*s + 8 + 2*s - 2*s. Let i(d) = 3*u(d) - v(d). Give i(4).
6
Let f = -10 + 15. Let u be (f/2)/(3/6). Let i(b) = b**2 - 6*b - 1. Determine i(u).
-6
Suppose 0 = 3*u - 0*u - v - 10, 3 = 2*u + 3*v. Let i(n) = -n**2 - 7*n - 7. Let l be i(-2). Let y(m) = -l*m + 2 + u*m + m. What is y(2)?
4
Suppose -2*x = -5*o + x, 2*x = 4*o. Let u(y) = y - 2 + 2*y**2 + o*y - 2*y. What is u(2)?
4
Let z(o) = -o**3 - 3*o**2 + 4*o + 0*o**3 - 4*o**2 + 3*o**2 + 4. Calculate z(-4).
-12
Let i be 56/16 - (-2)/(-4). Let j(w) = 3 + w + i + w - 3. What is j(-3)?
-3
Let v(c) = -c**2 + 4*c - 5. Let z be 1*2 - (9 + -9). Let h be (-6)/(-9)*(-72)/(-2). Suppose -6*q + z*q = -3*o + h, -4*o - q + 13 = 0. Determine v(o).
-5
Let j = -29 - -42. Let t(v) = j - 1 - 3 + 2*v. Determine t(-6).
-3
Suppose -6*y = -7*y + 6. Let f(p) = p**3 - 6*p**2 + p + 3. Give f(y).
9
Let s = 3/23 + 14/69. Let j(r) be the first derivative of 6*r - s*r**3 + 1/4*r**4 - 2 + 1/2*r**2. Give j(0).
6
Let j be 5 + -5 - (-6)/2. Let b(a) be the third derivative of 0*a - 1/6*a**3 + 2*a**2 + 1/8*a**4 + 1/120*a**6 - 1/20*a**5 + 0. Calculate b(j).
8
Let g(i) = 2*i - 3. Suppose d - 12 = -d. Calculate g(d).
9
Suppose 3*a + 2*u + 5 + 6 = 0, -2*a = -4*u + 2. Let w(i) be the second derivative of 0 + i + 1/2*i**3 + i**2. Give w(a).
-7
Let h be (9/6 - 1)*2. Let q = h - 6. Let g(y) = -y**3 - 5*y**2 + 4*y + 7. Give g(q).
-13
Let f be -5*(-4)/30*6. Let b(p) be the third derivative of p**6/120 - p**5/12 + p**4/24 + p**3/3 - 3*p**2. Calculate b(f).
-10
Let p(a) = 1. Let u(x) = x**3 + 5*x**2 + 4*x + 4. Let z(m) = -2*p(m) + u(m). Determine z(-3).
8
Let d be (-256)/44 + -2*2/22. Let j(w) = -2*w - 8. Determine j(d).
4
Let c(a) = 2*a - 4 - a + 1. What is c(0)?
-3
Suppose -2*b + 7*b - b = 0. Let g(o) = -o - 21. Determine g(b).
-21
Let q be 36/(-63)*(-7)/2. Let h(m) = 2*m - 2. Let v(n) = -2*n + 2. Let b(l) = -3*h(l) - 2*v(l). Calculate b(q).
-2
Let q(s) = 2*s**3 - s + 2. Suppose 0 = -0*x + 2*x + 4. Calculate q(x).
-12
Let a(m) be the first derivative of m**5/60 + m**3/3 - 3*m**2/2 - 1. Let s(h) be the second derivative of a(h). Calculate s(0).
2
Let s(h) = 3*h**3 + 4*h**2 - 3. Let z(u) = 7*u**3 + 9*u**2 - u - 7. Let w(c) = 5*s(c) - 2*z(c). Determine w(-2).
-5
Let y(z) = z**3 + 17*z**2 + 6. Let a be y(-17). Let i(w) = -w**3 + 4 - 3*w - 6*w**2 + 0*w**3 + 2*w**3. Determine i(a).
-14
Let o(u) be the third derivative of -u**5/30 - u**4/12 + u**3/6 + 17*u**2. What is o(-3)?
-11
Let y(v) = -9*v + 1. Suppose -4*o = a + 2 - 0, o = -1. Let x = a - 1. Calculate y(x).
-8
Suppose -4*o + 10 + 14 = 0. Let m(x) = 2*x - 8. What is m(o)?
4
Let j(h) 